2). Let z = -3 + 6. Suppose a = -4*j, -8*i = -z*i + j - 742. Is i composite?
False
Let s(u) = 2*u**3 - 3*u**2 + 13*u - 7. Is s(5) a prime number?
True
Let g be (-12)/(1 + 141/(-135)). Let z = g - 193. Is z a prime number?
False
Is -166*(-4)/(-8)*-1 composite?
False
Let n(h) = -4*h**2 - 3 + 3*h + 2 + 2*h**2 + 5*h**2. Is n(-12) composite?
True
Let r be 50*1/((-15)/(-54)). Suppose 3*n - 18 = 2*s + 56, -4*s - r = 2*n. Let d = -12 - s. Is d a composite number?
False
Suppose 3*w - 5*l + 136 - 1672 = 0, 0 = l. Suppose 0 = s + 1, -b + 4*s + w = 3*b. Is b a composite number?
False
Suppose f - 3*f = -298. Is f prime?
True
Suppose 0 = 5*w + 2*w - 4564. Suppose -4*s - w = -8*s. Is s composite?
False
Let p = -8 + 12. Let l = -8 - p. Let j = l + 21. Is j prime?
False
Suppose 4*h - 128 = -4*f, 3*h + 25 + 49 = 2*f. Let v = f + -23. Suppose -v - 9 = -2*u. Is u composite?
True
Let t(o) = 30*o**2 + 15*o - 16. Is t(11) a composite number?
False
Let t be (3/1)/((-3)/(-107)). Let r = t - -48. Is r a composite number?
True
Let l = 0 - -4. Let v(b) = b**3 + 10*b**2 - 12*b - 9. Let x be v(-11). Suppose x*r + 0*r - l = 0. Is r a composite number?
False
Suppose 2 = -4*v + 5*v. Suppose -2*k = -4*k - 4*a + 28, -v*k = a - 13. Suppose -g = -m - 0*m - 4, 5*m = g + k. Is g a composite number?
True
Is (-2)/((-8)/148) - -2 prime?
False
Let h(w) = -w**2 + 6*w - 2. Let j be h(6). Let o be (-8)/4 - j*318. Is (-8)/36 - o/(-18) a composite number?
True
Let m be 0 + (0 + 0 - 5). Let t(s) = -2 - 9*s**2 - 2 + 10*s**2. Is t(m) prime?
False
Let b be (-3 - -1) + 788 + -2. Let v = b + -449. Is v a composite number?
True
Suppose -u + 9*t = 4*t - 389, -2*u - 3*t + 830 = 0. Is u a composite number?
False
Suppose -4*y + 886 = -294. Is y composite?
True
Suppose -u - 10 = -3*u. Suppose q + u - 2 = 0, -5*b + 341 = -2*q. Is b composite?
False
Let z = 3024 + -1463. Is z prime?
False
Suppose 2*b + z - 5*z - 1266 = 0, -4*b + 2525 = -z. Is b a prime number?
True
Let x = -1352 + 2265. Is x a composite number?
True
Suppose 3*g - a = 2723, g - 5*a = -0*g + 917. Is g a prime number?
True
Suppose 3*z = 29 + 76. Is z composite?
True
Let u(y) = -y**2. Let a be u(-2). Let t(m) = -2*m**3 - 7*m**2 - 3*m + 5. Is t(a) composite?
True
Let f = -658 + 434. Let w = 387 + f. Is w a prime number?
True
Let j = -32 + -32. Let c = 117 + j. Is c a composite number?
False
Is 3/(-4) - (-16293)/12 composite?
True
Suppose 0 = -3*n + 3*w + 600, 2*w = -n + 2 + 213. Is n a composite number?
True
Suppose 0 = 2*u - 587 + 233. Is u composite?
True
Let u(i) be the second derivative of -i**5/20 - i**4/6 + 2*i**3/3 - i**2 + i. Is u(-5) prime?
True
Let g = 334 - -367. Is g prime?
True
Let p(b) = -b**3 - 3*b**2 - 3*b - 2. Let x be p(-2). Let d(y) = -y**2 - y + 58. Is d(x) a composite number?
True
Let a = -1668 + 672. Is (2/6)/((-4)/a) prime?
True
Let r(j) = 2*j**2 - 2*j - 5. Let g(y) = -1. Let v(f) = 6*f**2 - 6*f - 17. Let a(h) = 3*g(h) - v(h). Let m(p) = -4*a(p) - 11*r(p). Is m(3) prime?
True
Suppose -3*k = 2*k - 15. Suppose -5*y + 258 = k*i, -5*i + 470 = -9*y + 4*y. Is i a prime number?
False
Let w(n) = n**2 - 4*n. Let c(f) = f**3 + 3*f**2 + 1. Let d be c(-2). Let q be w(d). Suppose q = -x, 6 = 5*b - 3*x - 19. Is b prime?
True
Suppose n - y = 1687 + 2305, 2*n - 7993 = 5*y. Is n a prime number?
True
Let g = 1 + -240. Is g/(-3) + (-4)/6 a composite number?
False
Let f(q) = 2 - 3 - q + 35*q**2 + 30*q**2. Is f(-1) a prime number?
False
Suppose -6*z = -4*z - 2362. Is z a prime number?
True
Is (1/3)/(10/66090) a composite number?
False
Let k = -126 - -344. Suppose -3*v = -v - k. Is v composite?
False
Suppose 4*k + 7 = 3*u, -k = u - 3*u + 8. Let p(q) = -q + 7. Let x be p(7). Suppose -k*b + 37 + 55 = x. Is b composite?
True
Let d = 61 + -6. Is d composite?
True
Let j(i) = 3353*i + 6. Is j(1) composite?
False
Suppose -y - 16 = -5*y. Let b(p) = p**3 - p - 1. Let w be b(y). Let z = -22 + w. Is z a prime number?
True
Suppose r + 0*r - 188 = -5*o, -4*o - 4*r + 160 = 0. Is o prime?
True
Let p be (-2)/1 + -4 + 6. Suppose 319 = f - p*f. Is f composite?
True
Let c be 0 - 18/3 - -2. Let j = 6 + c. Is j a prime number?
True
Let r(c) = c**3 - 7*c**2 + 6*c - 8. Let m be r(7). Suppose 2*y - m = -3*t, -3*y + 25 + 4 = -t. Is y a composite number?
False
Let j(n) = -n**2 + 7*n + 11. Let g be j(8). Let v be (-38)/4 - g/6. Let b = v + 17. Is b composite?
False
Let x = 16 - 10. Suppose -5*y + 2*l = -433, 413 = -y + x*y + 3*l. Is y a composite number?
True
Let n(o) = -2*o**2 - 5. Let q be n(-5). Let f = -24 - q. Is f composite?
False
Suppose -13*u + 999 = -4*u. Is u composite?
True
Let g(c) = -3*c**3 + 2*c**2 - 2. Let k be g(-2). Let o(y) = 30 - 34 + y + 65 + k. Is o(0) prime?
False
Let f(l) = l**3 + 4*l**2 + l - 1. Let k be f(-3). Is (-111)/(-3)*(k + -4) composite?
False
Let f(x) = 21*x**3 + 1 + 0 - 3*x**2 + 2*x**2 + 0*x**2. Is f(1) a composite number?
True
Is (36496/(-12) - 1)/((-3)/9) a prime number?
True
Let y = 362 - 172. Is y/(-15)*78/(-4) a prime number?
False
Suppose 3*q + 2*q = -3*d + 2086, -2*d = -5*q + 2101. Is q a prime number?
True
Suppose 5*g = 5*y - 4575, -2*y + 5*g + 2741 = y. Is y composite?
True
Let l = 566 + 65. Is l a composite number?
False
Suppose 291 = 3*c + 3*a, 2*c - 4*a - 198 = -7*a. Is c prime?
False
Suppose 0*x + 12 = 4*x + 2*i, 3*i = 2*x - 14. Suppose 2*s - x*o - 102 = 0, 3*o = -2*s - 2*s + 182. Is s composite?
False
Let a(l) = 3*l**2 - 5*l - 12. Let n be a(-8). Suppose -2*p = 4*u - n, 0*u + 285 = 5*u + 5*p. Is u prime?
True
Let d(m) = -m**3 + 21*m**2 + 16*m - 41. Is d(18) composite?
True
Let p be (-6)/24 - (-58)/8. Suppose p = -3*y + 19, -3*o = -4*y - 257. Is o a prime number?
False
Suppose -y = 3*y - 644. Is y composite?
True
Let q = -3 + 114. Is q a prime number?
False
Let n(c) = 13*c + 1. Let i be 38/9 + 10/(-45). Is n(i) a composite number?
False
Let n(j) = 0 - 117*j**3 - 2*j**2 - 2 + j - j**2 + 3. Let o be n(2). Is 1/(-2) + o/(-14) a prime number?
True
Let z(a) = 55*a**2 - 2. Let n be z(-2). Let h = 329 - n. Is h a prime number?
False
Suppose 3*p + 7 + 2 = 5*i, 1 = i - p. Suppose -w - i = 3*c, c + 0 = 5*w - 1. Is 2*c - 91/(-1) prime?
True
Let k be (-46)/(-4) - (-6)/(-4). Let q = k - 8. Suppose -125 = -5*m - q*c, -m + 5*c = -0 + 2. Is m a prime number?
True
Is ((-310)/4)/(5/(-10)) composite?
True
Let f = 40 - -300. Let v(z) = -z**2 + 12*z + 5. Let q be v(13). Is 2/q + f/16 a prime number?
False
Let x(q) = 113 + 13 - 65 - q + 108. Is x(0) a prime number?
False
Suppose k = r + 1, -3*r + k + 0*k = 13. Let m(p) = -p**3 - 5*p**2 - 2*p + 3. Is m(r) a prime number?
False
Let v be (2 - 8)/3 + 64. Suppose -8 = -2*k + v. Is k composite?
True
Suppose -u + 21 = n + 3*n, -3*u + 31 = 4*n. Suppose n*a - 1 = -c, 4 + 1 = -4*a + 5*c. Suppose a = 4*y - 1 - 59. Is y prime?
False
Let t(b) be the second derivative of 1/3*b**3 - b + 3/2*b**2 + 0. Is t(6) prime?
False
Let j = -18 + 40. Is j a composite number?
True
Let f = -1232 - -5809. Is f a composite number?
True
Let n = -50 + 85. Is n composite?
True
Let u(j) = -j**2 + 10*j - 11. Let q be u(8). Suppose -1213 - 42 = -q*r. Is r a composite number?
False
Suppose -5*g + 12620 = -3395. Is g prime?
True
Suppose -u + 212 = u. Suppose -2*d = -216 - u. Is d a prime number?
False
Let k(u) = -10*u - 2. Let f be k(-3). Let s = 41 + f. Is s composite?
True
Is (-20)/(-4) - -94*8 a prime number?
True
Let i(u) = u + 11. Let x be i(-9). Suppose 3*r + x*r - 265 = 0. Is r composite?
False
Let r = -649 + 1152. Is r a composite number?
False
Suppose -3*h - 2*l - 2*l + 9217 = 0, 3*l - 12 = 0. Is h composite?
False
Let i(j) = -2*j**3 - 9*j**2 + 2*j + 8. Let p = 18 - 25. Let s be i(p). Suppose -2*d - 3*d = 5*w - 215, -5*d + s = -w. Is d a composite number?
False
Let d be -4*2*(-3)/6. Suppose -3*a + d*s + 143 = 0, -s - 3*s + 69 = a. Is a a prime number?
True
Suppose 3 = 2*a - 3*a. Let w be 9/(-3) + (-306)/a. Suppose -6 = -5*f + w. Is f composite?
True
Let z = 118 - 572. Let p = z - -671. Is p prime?
False
Suppose -r - 4*m = -3969, 4*m = -0*r + r - 4001. Is r a prime number?
False
Let x(u) = -52*u - 5. Is x(-6) a composite number?
False
Let l(d) = -26*d**3 - d**2 + 2*d + 3. Let q be l(-2). Suppose f = -2*g + 4*f + q, g + 4*f = 118. Is g a prime number?
False
Let p(n) = -42*n - 17. Is p(-12) a prime number?
True
Suppose 3